2*s + 6*s = t + 14, 22 = 5*s + t. Suppose 8*z = s*z + 72. Suppose -2*h + z = 3*r, 10 + 9 = 5*h + r. What is the units digit of h?
3
Suppose 0 = 5*d - o - 6, -d + 2*d = -5*o + 22. Let h be (-615)/20 - d/8. Let f = 54 + h. What is the units digit of f?
3
Let o(d) = -3*d + 10. Let t(r) = r + 2. Let z(f) = -o(f) + 2*t(f). Suppose 5*b = 0, -4*m + 2 + 22 = -b. What is the units digit of z(m)?
4
Let m be (24/(-16))/((-6)/1696). Suppose -4*h - 4*s = -m, 4*s + 439 = 4*h + 3*s. What is the hundreds digit of h?
1
Suppose 0 = -3*h - 12, -2*x - h = -6*h - 16. Let t be 3*(x/(-3) - 1). Let p(q) = -15*q + 1. What is the tens digit of p(t)?
1
Suppose -4*x + 526 = -2*x. Suppose 5*s + 117 + x = 2*g, -4*g - 2*s = -736. What is the hundreds digit of g?
1
Let i = 179 + 448. What is the units digit of i?
7
What is the units digit of (4/12)/((-15)/(-540))?
2
Let h(v) = -2*v + v - 4 + 18 + 3*v. What is the tens digit of h(7)?
2
Suppose -4*s + 2096 = 4*v, -5*v - 4*s + 2023 + 602 = 0. What is the hundreds digit of v?
5
Suppose 167 = -5*q + 42. Let b be ((-14)/35)/(2/q). Suppose -3*m + 4*y = -24 + 10, b*y = 5. What is the units digit of m?
6
Let j = 1434 + 179. What is the hundreds digit of j?
6
Let x be -5*(68/20 + -4). What is the hundreds digit of x + (-9)/((-9)/142)?
1
Let g = -26 - -29. What is the tens digit of -3 + (1 - (g - 48))?
4
What is the thousands digit of 1962 + (10 - (4 + 1))?
1
Suppose 3*c + 32 = 5*i, 5*i + 1 = -4*c + 5. Let t(u) = 3*u**2 + u. Let v(d) = -4*d**2 - 2*d - 1. Let l(x) = -5*t(x) - 4*v(x). What is the units digit of l(c)?
8
Let d be (-4)/(-20) - 119/(-5). Suppose 0 = -2*f - d. What is the units digit of 2 + (-4)/f*141?
9
Suppose 7*d + 9 - 30 = 0. Suppose 4*l + 2*c + 83 = 7*l, d*c - 46 = -l. What is the tens digit of l?
3
Suppose -41*h + 45558 + 49275 = 0. What is the thousands digit of h?
2
Suppose 9612 = 3935*t - 3926*t. What is the hundreds digit of t?
0
Let r = 770 - -176. What is the hundreds digit of r?
9
Let c(p) = p**2 + 24. Let b = 51 - 64. What is the units digit of c(b)?
3
Suppose -8*t + 28 = 4. Suppose t*z - 117 = 3*g, 3*g = -z + 31 - 8. What is the tens digit of z?
3
Suppose -u - 1 = 0, -y + 0*y + 2 = -u. Let f be (-2 - y) + 3 + 42. Suppose 3*j - 5*q - 96 = 25, -j = -2*q - f. What is the units digit of j?
2
Suppose -3*g + 8*g - 20 = 0. Suppose -g*a = -12, -3*c + 10 = 4*a - 44. Suppose -u + z + 8 = 0, z - c - 10 = -3*u. What is the units digit of u?
8
Let x = -60 + 68. Suppose 0 = x*j - 1172 + 268. What is the units digit of j?
3
Suppose l - 10 + 0 = 0. Suppose 5*p = -20, 5*p - 7 = -4*o - 3. Let y = o + l. What is the tens digit of y?
1
Suppose 22*f = 17*f - 4*d + 5725, 0 = -5*d. What is the thousands digit of f?
1
What is the tens digit of (-1 - 17)*-6 + (-8 - -11)?
1
What is the hundreds digit of (3 - -22)*(-371)/(-35)?
2
Let s(f) = -f**3 + 20*f**2 - 17*f - 35. Let p be s(19). Suppose 0 = 3*k - 9, l + k - 88 = p*k. What is the tens digit of l?
9
Suppose m - p = 7, m + 3*p - 22 = p. What is the units digit of 8/m*141 + -1?
3
Suppose -16 = 4*v, -5*c - 2 = 5*v - 17. Suppose -c*p + 5*p = 0. Suppose p = -z - 6 + 19. What is the tens digit of z?
1
Let s(g) = g**2 + 2*g - 1. Let h be s(-5). Suppose -4 = 5*v - h. Suppose 0 = -2*y - 5*u + 22, 0*u + v*u = -8. What is the tens digit of y?
2
Suppose 82*f - 91*f = -13698. What is the tens digit of f?
2
Let q(v) = -v**2 - 47*v - 42. What is the hundreds digit of q(-23)?
5
Let h = -100 + 452. What is the units digit of h?
2
Let s = -258 - -677. What is the units digit of s?
9
Let w be 5/30 + -2 + 142/12. Let p(x) = x**2 + 4*x + 5. What is the hundreds digit of p(w)?
1
Let w be 0 - (0 - -3)*-16. Let c = -315 - -317. Suppose c*b - w = b. What is the units digit of b?
8
Let p = 56 - 92. Let j(f) = -7*f**3 - 2*f**2 - 2*f - 1. Let d be j(-2). Let a = p + d. What is the tens digit of a?
1
What is the thousands digit of ((-86)/(-129))/((-2)/(-11244))?
3
Let t(i) = i**2 + 16*i - 15. Let z be t(-12). What is the tens digit of (-9)/z - (-867)/7?
2
Let z = 484 - 128. What is the units digit of z?
6
Let a be ((-1)/3)/(1/(-45)). Suppose -212 = 3*p - h, p = -4*h - 64 + a. Let t = p + 97. What is the tens digit of t?
2
Let t = -270 - -486. Suppose -10 = 2*d + 3*d, -4*y = -4*d - t. What is the units digit of y?
2
Let q(u) = -7*u**3 + 6*u**2 - 5*u - 9. Let p(t) = -3*t**3 + 3*t**2 - 2*t - 4. Let h(f) = 5*p(f) - 3*q(f). What is the units digit of h(3)?
7
Let x be 4/22 + 5572/(-154). Let s = 70 - x. What is the hundreds digit of s?
1
Suppose 5*m - 543 = 5*u - 2*u, -5*m = 2*u - 538. Suppose 0*r = 6*r - m. Suppose -4*f + r = -f. What is the units digit of f?
6
Suppose 2*p - 1678 - 2897 = 5*d, 5*d = 4*p - 9125. What is the tens digit of p?
7
Suppose -8*z + 9*z = 9. Let o = -8 + z. What is the tens digit of -3 + 74 - (-4)/o?
7
Suppose -4*j = -2*j - 92. Suppose 0 = 2*x - 5*v - 41, -4*x + j = v + v. What is the tens digit of x + -1 + 2 + -3?
1
Suppose 0 = 2*l - 4, -2*j + 0 = -4*l - 2. Suppose -j*a - f = -28, -a + f = -2*f - 12. Suppose u - a - 5 = 0. What is the units digit of u?
1
Suppose 0 = q + 2*q + 6, -4*a = -2*q - 204. Suppose -2*w + a = 2*d, 4*w + 3*d - 62 - 37 = 0. What is the tens digit of w?
2
Let m(t) = -t**3 + 7*t**2 - 7*t. Let s be m(6). What is the tens digit of (-105)/s + (-3)/(-2)?
1
Let i(p) = -p + 8. Let z be i(8). Suppose z = t - 6 - 2. What is the units digit of t?
8
Suppose 2*p + k - 9 = -p, -5*p = 5*k - 5. What is the tens digit of p/34 + 740/68?
1
Let b be 4 - (-1 + 10/2). Suppose 10*g - 9*g = b. Let k(y) = -y**2 - y + 31. What is the tens digit of k(g)?
3
Let k(j) be the first derivative of j**2/2 + 4*j - 8. What is the tens digit of k(8)?
1
Let m = -750 + 792. What is the units digit of m?
2
Suppose 0 = -4*f + 3*k, 0 = -f + 5*f - 4*k. Suppose 0*y + 3*y + 6 = f. What is the units digit of 1*116/(-8)*y?
9
Suppose -9 = -6*j + 3*j. Let k = 0 + j. Suppose a = 4*p - 5, -3*a - k*p - p = -65. What is the tens digit of a?
1
Let b(w) = -10*w + 93. Let p be b(9). Suppose -13*f + 11*f = 3*n - 561, -p*n = 15. What is the units digit of f?
8
Suppose 53 = 4*l - 2*x + 5, -48 = -4*l + 5*x. Suppose -f + l = 2*f. Suppose f*q = 20, 3*j + 3*q - 40 = -1. What is the units digit of j?
8
Let g(s) = s**3 - 2*s**2 + 2*s - 1. Let r(f) = -f**2 + 9*f - 7. Let z be r(8). Let o be g(z). What is the units digit of 259/14*(o - -2)?
7
Suppose 0 = -7*y + 2*y + 15. Suppose -23 - 14 = -3*m + 5*v, 2*m - y*v = 23. What is the units digit of m/((-16)/(-12)) - -12?
5
Suppose -4*v + 5*z + 2967 = 0, 3 = -20*z + 19*z. What is the units digit of v?
8
Let d be (3 - (-3 - -5))*(10 - 10). Let w = 5 + -3. Suppose i + i - w*z - 78 = d, -i + 5*z = -39. What is the units digit of i?
9
Let m = -40 + 41. Let a(v) = 177*v**2 - v - 1. What is the tens digit of a(m)?
7
Suppose d + 314 = 1740. What is the thousands digit of d?
1
Let h be 6/4*(-28)/(-14). Suppose 0 = -h*v + 262 - 10. What is the tens digit of v?
8
Suppose -z - 5*w = -33, 3*z = -2*z - 2*w + 188. What is the units digit of z?
8
What is the thousands digit of 1726/(-3 + -9 + 13)?
1
Let x(n) = n**3 - 3*n**2 - 6*n + 3. Let z be x(4). Let k be 26/z + 3/15. Let l(p) = -p + 6. What is the tens digit of l(k)?
1
Let b(a) = a**2 - 8*a - 11. Let x be b(10). Let v be (6/x)/((-4)/(-30)). What is the tens digit of 31 + -1 + (-10)/v?
2
Let n be (-22)/55 - (1034/(-10) - 2). Suppose -n = -2*a + 5*u, 4*u - 192 = -0*a - 3*a. What is the tens digit of a?
6
Let u(h) = h**3 + 7*h**2 + 6*h + 2. Let o be u(-6). Suppose o*z - c - 381 = 0, -4*c - 1 = -5. What is the units digit of z?
1
Let v = 235 - 94. What is the hundreds digit of (v - -2) + -1 + 8 + -12?
1
Suppose 0 = 4*z - 1582 + 30. What is the hundreds digit of z?
3
Let i(n) = -17*n**2 + 9*n + 11. Let h(d) = -4*d**2 + 2*d + 3. Let q(c) = -9*h(c) + 2*i(c). What is the units digit of q(-4)?
7
Let p(z) = -z**2 - 10*z - 3. Let l be p(-10). Let r be (l/(-9))/(1/3). What is the units digit of (11 - 3) + r*-2?
6
Let a be 2/4*(-108)/(-9). Let s(w) = 15*w - 13. Let u be s(a). Suppose 0 = 2*d + 2*y + y - u, -2*y - 122 = -3*d. What is the tens digit of d?
4
Let l(y) = y**3 + 12*y**2 + y - 4. Suppose 4*f + 43 = -1. What is the units digit of l(f)?
6
Let h(l) = 30*l**2 - 2*l - 27. What is the hundreds digit of h(5)?
7
Suppose -4*r + 396 = 52. What is the tens digit